0100000100110011
In base 13, what is -85a3 + 115?
-848b
In base 4, what is 10 - -20113230100?
20113230110
In base 4, what is -1011031 + 1102100?
31003
In base 10, what is -1157573 - -8?
-1157565
In base 9, what is -5 + 748141?
748135
In base 7, what is 16 - 45553254?
-45553235
In base 5, what is -121433203 + -10314?
-121444022
In base 7, what is -1 + -50606205?
-50606206
In base 4, what is 100020231122 - 3?
100020231113
In base 16, what is -a31b46 + -9?
-a31b4f
In base 2, what is -111000000101101100 - 1000101011?
-111000001110010111
In base 8, what is 6006 + 7450?
15456
In base 4, what is -302301201 + 100?
-302301101
In base 13, what is -b6252 + -43?
-b6295
In base 14, what is 662b + 577?
6ba4
In base 11, what is -3 + 16745309?
16745306
In base 10, what is 5 + -44670033?
-44670028
In base 15, what is -13 - 4683b?
-4684e
In base 6, what is -1 - -230400311?
230400310
In base 4, what is -11130333013 - -111?
-11130332302
In base 14, what is -7cd58c + -2?
-7cd590
In base 15, what is 1 - 6bc6412?
-6bc6411
In base 5, what is 1002023124 - 14?
1002023110
In base 16, what is 1a8f79 - -4?
1a8f7d
In base 2, what is 11101001100111000 + 11000100110?
11101100101011110
In base 16, what is -11b184 + -245?
-11b3c9
In base 9, what is 6 + 1150676?
1150683
In base 16, what is 11c2732 + 1e?
11c2750
In base 6, what is -20 + -212355143?
-212355203
In base 8, what is -75320040 + -2?
-75320042
In base 3, what is -1 + 20202000210202?
20202000210201
In base 4, what is -122030 + 3022132?
2300102
In base 10, what is -126576 - -335?
-126241
In base 10, what is 258811 + -311?
258500
In base 13, what is 4b + -70b65?
-70b17
In base 3, what is 20011101202200202 - 0?
20011101202200202
In base 7, what is -452 - -104056?
103304
In base 8, what is -7433665 + 226?
-7433437
In base 7, what is -3 - 136233302?
-136233305
In base 4, what is 23333233123 + -1221?
23333231302
In base 4, what is -313133111103 - -21?
-313133111022
In base 4, what is 3303033 + -1023301?
2213132
In base 5, what is 2 + -2110330214?
-2110330212
In base 12, what is -6 - 79b545?
-79b54b
In base 5, what is 123030 - 12022?
111003
In base 3, what is -1100 - -122200001001?
122122222201
In base 8, what is -10527 + 34230?
23501
In base 16, what is 1e6a03 + -29?
1e69da
In base 4, what is 132120302320 - -11?
132120302331
In base 14, what is 133 - 8553?
-8420
In base 14, what is -481602 + -9?
-48160b
In base 12, what is -686215 + -2b?
-686244
In base 9, what is 1 + 474880832?
474880833
In base 12, what is -6a + -25989?
-25a37
In base 6, what is -352450 + 1041?
-351405
In base 15, what is -1b44a + 734?
-1ac16
In base 11, what is -149 + -14448?
-14596
In base 13, what is 31c04b0 - -1?
31c04b1
In base 13, what is 22ca4 + -1?
22ca3
In base 13, what is -15436bc6 + -5?
-15436bcb
In base 3, what is 21221121000120 + 0?
21221121000120
In base 6, what is -30331452 + 12?
-30331440
In base 11, what is -67 - 134561?
-134618
In base 16, what is -53 - -38da?
3887
In base 6, what is -32 + 52204442?
52204410
In base 7, what is -1565546356 + -5?
-1565546364
In base 6, what is 231 - -2001132?
2001403
In base 8, what is 4 + 761552076?
761552102
In base 2, what is 1010100000110111111000 + 100?
1010100000110111111100
In base 4, what is -212001013 - 2123?
-212003202
In base 16, what is 4e8532e + 4?
4e85332
In base 13, what is 893 - 12367?
-117a4
In base 16, what is aee76 - -18?
aee8e
In base 14, what is -7cd7744 + 4?
-7cd7740
In base 6, what is 4 + 23204440?
23204444
In base 14, what is -c + -ba0c?
-ba1a
In base 4, what is 2233112123222 - -11?
2233112123233
In base 10, what is -143952 - -388?
-143564
In base 13, what is -188 + -a1b4?
-a36c
In base 8, what is -145 - 265075?
-265242
In base 9, what is 37 - -2751324?
2751362
In base 10, what is 23090306 - 3?
23090303
In base 15, what is 4d + 17105?
17153
In base 2, what is 1101010100101001001101010 - -100?
1101010100101001001101110
In base 7, what is -355100 + 15?
-355052
In base 15, what is -5 + 1054d03?
1054ced
In base 8, what is -4504727513 + 0?
-4504727513
In base 8, what is 10503535 - -12?
10503547
In base 16, what is -5b6e + 168?
-5a06
In base 11, what is 3987 + 117a85?
120961
In base 16, what is 2a - -b6c16?
b6c40
In base 4, what is 1122130330103 + 20?
1122130330123
In base 4, what is -10 - -323033132012?
323033132002
In base 11, what is -2165563 + 1?
-2165562
In base 7, what is 1422 + -10463124?
-10461402
In base 8, what is -402747 + -24?
-402773
In base 11, what is 9a454 - -1656?
a0aaa
In base 6, what is 305412532 - 41?
305412451
In base 7, what is -1324465401 - -11?
-1324465360
In base 12, what is 37713 + 1037?
3874a
In base 14, what is -d47 - -30d81?
30038
In base 14, what is 1003c5 + 4?
1003c9
In base 10, what is -18502 + 18?
-18484
In base 14, what is 1474 + -133?
1341
In base 14, what is -5 - 4c45980?
-4c45985
In base 2, what is 10100000110 - -1100111100100?
1111011101010
In base 9, what is -341 + -12408?
-12750
In base 10, what is -5 - -13249315?
13249310
In base 9, what is -4 + 20474487?
20474483
In base 12, what is 368 - 4398?
-4030
In base 12, what is 3 - -38676212?
38676215
In base 8, what is -3 + -144172236?
-144172241
In base 13, what is 267 - a986?
-a71c
In base 15, what is a29 - -e39b?
edc5
In base 14, what is 2bd8 + -832a?
-5532
In base 3, what is -202210001101120 - -11?
-202210001101102
In base 8, what is -127 - -1601566?
1601437
In base 12, what is a - -236284?
236292
In base 9, what is -14 + 2076301?
2076276
In base 4, what is -3 - 2130120313?
-2130120322
In base 15, what is -1d5 + 10cc3?
10add
In base 10, what is -7 + -5227270?
-5227277
In base 6, what is 0 - 211443355?
-211443355
In base 12, what is -7528778 + 12?
-7528766
In base 3, what is 2212121112001221 - 0?
2212121112001221
In base 7, what is 3 + 5306615?
5306621
In base 8, what is 10 - 36751462?
-36751452
In base 7, what is -4 + -623522225?
-623522232
In base 16, what is -c2fb79 + -2?
-c2fb7b
In base 2, what is 11101101010100 - -110101111?
11110100000011
In base 16, what is -5d840 + 6c?
-5d7d4
In base 9, what is -5 + -17427616?
-17427622
In base 10, what is 0 - 34916524?
-34916524
In base 15, what is b7b2d + -147?
b79d6
In base 16, what is 27 + 2d09ed?
2d0a14
In base 16, what is -4 - -89cfb8?
89cfb4
In base 13, what is -256 - 797bb5?
-79813b
In base 15, what is -891b + 168?
-87a3
In base 14, what is -a + 113830?
113824
In base 10, what is 0 + 2794893?
2794893
In base 15, what is -9c + -bc1?
-c6d
In base 2, what is 1001111 + -1110111001101100?
-1110111000011101
In base 12, what is 38b44 - 35?
38b0b
In base 9, what is 3 + 6248107?
6248111
In base 16, what is -650a8 + 19?
-6508f
In base 6, what is -1310544512 - -5?
-1310544503
In base 6, what is 1204112 - -535?
1205051
In base 9, what is -24110546 + 44?
-24110502
In base 10, what is -473 + 93588?
93115
In base 5, what is 3120231 - -2322?
3123103
In base 6, what is 3511121 + -104?
3511013
In base 11, what is 8193082 + 3?
8193085
In base 12, what is 8813137 - -4?
881313b
In base 7, what is 301424 - -20?
301444
In base 9, what is 418 + 3681?
4210
In base 14, what is -1d - 8526d6?
-852715
In base 9, what is 6623003 - 0?
6623003
In base 14, what is -2919b69 - 2?
-2919b6b
In base 13, what is -b1a661 - 1?
-b1a662
In base 8, what is -16412 + 0?
-16412
In base 7, what is 3 - 365101501?
-365101465
In base 6, what is 300530 + -104155?
152331
In base 11, what is -91 + -1178415?
-11784a6
In base 8, what is 470 - 44545?
-44055
In base 14, what is 816cc + 21?
8170d
In base 12, what is -8 - 1390b?
-13917
In base 13, what is 169 + -74566a?
-745501
In base 16, what is 4 - -1304ec4?
1304ec8
In base 10, what is 3 + -308151?
-308148
In base 3, what is -2000021120212 - 12?
-2000021121001
In base 7, what is -16151066551 + -3?
-16151066554
In base 6, what is -2101443304 - 2?
-2101443310
In base 13, what is -9c688 + 113?
-9c575
In base 9, what is 363225 - -68?
363304
In base 4, what is 102131101 + -3113020?
33012021
In base 16, what is -61a22f - -9?
-61a226
In base 16, what is 29523f4 - 2?
29523f2
In base 14, what is 99a04 + 4?
99a08
In base 2, what is 0 - 1001011001111100011000000?
-1001011001111100011000000
In base 8, what is -1032543 + -3?
-1032546
In base 8, what is -2 + 123001?
122777
In base 3, what is 12 - -202222101021122200?
202222101021122212
In base 10, what is 44649 + -368?